 826.
605
Calculate the remainder when 43353 is divided by 14435.
48
Calculate the remainder when 28561 is divided by 3112.
553
What is the remainder when 33675 is divided by 16248?
1179
Calculate the remainder when 86094 is divided by 1573.
1152
What is the remainder when 5173046 is divided by 2954?
592
What is the remainder when 96604 is divided by 3574?
106
What is the remainder when 224025 is divided by 2799?
105
Calculate the remainder when 338891 is divided by 791.
343
Calculate the remainder when 59027249 is divided by 2459468.
17
What is the remainder when 2824406 is divided by 53?
36
Calculate the remainder when 618813 is divided by 40.
13
What is the remainder when 162513 is divided by 349?
228
What is the remainder when 561313 is divided by 669?
22
What is the remainder when 21993 is divided by 442?
335
What is the remainder when 842791281 is divided by 205?
201
What is the remainder when 2957589 is divided by 1981?
1937
What is the remainder when 13638050 is divided by 201?
200
Calculate the remainder when 225611395 is divided by 369.
367
Calculate the remainder when 135136297 is divided by 13.
10
Calculate the remainder when 964488 is divided by 646.
10
What is the remainder when 3294665 is divided by 4?
1
Calculate the remainder when 37088293 is divided by 21791.
11
Calculate the remainder when 1461282 is divided by 190.
182
Calculate the remainder when 5356153 is divided by 76516.
33
What is the remainder when 314703 is divided by 78536?
559
Calculate the remainder when 8272049 is divided by 671.
632
Calculate the remainder when 685765 is divided by 117.
28
Calculate the remainder when 262776 is divided by 10352.
3976
Calculate the remainder when 3227817 is divided by 2178.
21
What is the remainder when 3117972 is divided by 23800?
172
What is the remainder when 2751737 is divided by 4023?
5
What is the remainder when 63393 is divided by 712?
25
What is the remainder when 131052 is divided by 310?
232
Calculate the remainder when 32492908 is divided by 1230.
1228
Calculate the remainder when 352765 is divided by 156.
49
What is the remainder when 441119 is divided by 8923?
3892
What is the remainder when 27450076 is divided by 1715629?
12
Calculate the remainder when 16353864 is divided by 20.
4
Calculate the remainder when 513523 is divided by 287.
80
Calculate the remainder when 19722498 is divided by 230.
228
Calculate the remainder when 3553448 is divided by 2341.
2151
Calculate the remainder when 2506907 is divided by 1523.
49
What is the remainder when 1076788 is divided by 44864?
52
Calculate the remainder when 113155404 is divided by 4956.
12
What is the remainder when 362975 is divided by 362645?
330
What is the remainder when 1075387 is divided by 17629?
18
Calculate the remainder when 2440563 is divided by 50845.
3
Calculate the remainder when 488417 is divided by 5748.
5585
Calculate the remainder when 48946 is divided by 22513.
3920
Calculate the remainder when 1215829 is divided by 243160.
29
What is the remainder when 66358 is divided by 339?
253
What is the remainder when 129487 is divided by 16183?
23
What is the remainder when 1664286 is divided by 554756?
18
Calculate the remainder when 3745030 is divided by 3745026.
4
What is the remainder when 1970312 is divided by 225?
212
What is the remainder when 7445105 is divided by 2481610?
275
Calculate the remainder when 46632060 is divided by 30.
0
What is the remainder when 87235 is divided by 11955?
3550
What is the remainder when 550809 is divided by 27540?
9
What is the remainder when 6693 is divided by 126?
15
Calculate the remainder when 8872008 is divided by 286193.
25
Calculate the remainder when 53736 is divided by 1491.
60
Calculate the remainder when 4028825 is divided by 251801.
9
Calculate the remainder when 17632947 is divided by 950.
947
Calculate the remainder when 35268025 is divided by 14.
9
Calculate the remainder when 1274266 is divided by 27112.
2
What is the remainder when 5820869 is divided by 853?
850
Calculate the remainder when 51600470 is divided by 3176.
3174
What is the remainder when 542585 is divided by 180856?
17
Calculate the remainder when 9708158 is divided by 440.
438
What is the remainder when 1713840 is divided by 90202?
2
What is the remainder when 15619 is divided by 2888?
1179
Calculate the remainder when 15618837 is divided by 154.
3
What is the remainder when 443945 is divided by 948?
281
Calculate the remainder when 98733 is divided by 46557.
5619
Calculate the remainder when 51665823 is divided by 32.
31
What is the remainder when 4537115 is divided by 14?
9
Calculate the remainder when 483509 is divided by 413.
299
Calculate the remainder when 7696998 is divided by 61086.
162
Calculate the remainder when 829073 is divided by 692.
57
What is the remainder when 1465579 is divided by 162840?
19
What is the remainder when 1511291 is divided by 377812?
43
Calculate the remainder when 53172 is divided by 6957.
4473
Calculate the remainder when 4565731 is divided by 64306.
5
Calculate the remainder when 148965 is divided by 3611.
914
Calculate the remainder when 709172 is divided by 265.
32
What is the remainder when 109171203 is divided by 474?
471
What is the remainder when 442346 is divided by 87?
38
Calculate the remainder when 7245948 is divided by 1207656.
12
What is the remainder when 816763 is divided by 102008?
699
Calculate the remainder when 1503843 is divided by 501219.
186
What is the remainder when 19730487 is divided by 1354?
1353
Calculate the remainder when 826914458 is divided by 357.
356
Calculate the remainder when 254234322 is divided by 571.
569
What is the remainder when 7367437 is divided by 23?
8
Calculate the remainder when 23311898 is divided by 114274.
2
What is the remainder when 97770 is divided by 88140?
9630
What is the remainder when 2942451 is divided by 2942435?
16
Calculate the remainder when 27481017 is divided by 25.
17
Calculate the remainder when 535626 is divided by 6015.
291
Calculate the remainder when 14825535 is divided by 872089.
22
Calculate the remainder when 2460224 is divided by 9282.
494
What is the remainder when 64428147 is divided by 8502?
8493
What is the remainder when 220618 is divided by 63?
55
Calculate the remainder when 375466 is divided by 496.
490
Calculate the remainder when 9153477 is divided by 9153468.
9
Calculate the remainder when 4168693 is divided by 1914.
1
What is the remainder when 312672 is divided by 156326?
20
What is the remainder when 105632 is divided by 145?
72
Calculate the remainder when 146186 is divided by 73023.
140
Calculate the remainder when 7852472 is divided by 201345.
17
What is the remainder when 301794342 is divided by 3079?
3078
What is the remainder when 23160 is divided by 22274?
886
What is the remainder when 21798504 is divided by 112?
56
Calculate the remainder when 2194833 is divided by 5731.
5591
Calculate the remainder when 2455796 is divided by 280.
196
Calculate the remainder when 2143885 is divided by 10.
5
Calculate the remainder when 251825 is divided by 123453.
4919
What is the remainder when 11708 is divided by 780?
8
Calculate the remainder when 295382952 is divided by 785.
12
Calculate the remainder when 195569338 is divided by 60.
58
What is the remainder when 4545387 is divided by 1515119?
30
Calculate the remainder when 12419271 is divided by 1501.
1498
Calculate the remainder when 81167 is divided by 18426.
7463
Calculate the remainder when 1361121 is divided by 1940.
1181
Calculate the remainder when 1087105 is divided by 47.
42
Calculate the remainder when 4552848 is divided by 1138211.
4
Calculate the remainder when 5477961 is divided by 119086.
5
What is the remainder when 2508897 is divided by 627221?
13
Calculate the remainder when 2790290 is divided by 558053.
25
What is the remainder when 114502646 is divided by 283?
280
Calculate the remainder when 517642 is divided by 1004.
582
What is the remainder when 425202 is divided by 884?
882
What is the remainder when 8441699 is divided by 279?
275
What is the remainder when 1251706 is divided by 43162?
8
Calculate the remainder when 75623136 is divided by 4814.
10
What is the remainder when 129885 is divided by 12850?
1385
What is the remainder when 11861